{"id":959,"date":"2024-11-05T20:48:44","date_gmt":"2024-11-05T19:48:44","guid":{"rendered":"https:\/\/ultragwint.pl\/?page_id=959"},"modified":"2025-04-05T21:29:58","modified_gmt":"2025-04-05T19:29:58","slug":"dla-kibicow-2025","status":"publish","type":"page","link":"https:\/\/ultragwint.pl\/?page_id=959","title":{"rendered":"Dla kibic\u00f3w 2025"},"content":{"rendered":"<p style=\"text-align: justify;\">Zach\u0119camy rodziny, przyjaci\u00f3\u0142, znajomych i wszystkich fan\u00f3w biegania, kt\u00f3rzy akurat nie uczestnicz\u0105 w GWiNTcie, do kibicowania zawodnikom na startach, Punktach Kontrolno-Od\u017cywczych i na mecie. By u\u0142atwi\u0107 dotarcie na poszczeg\u00f3lne punkty trasy, przygotowali\u015bmy dla os\u00f3b zainteresowanych dopingowaniem \u015bci\u0105gawk\u0119 ze wskaz\u00f3wkami dotycz\u0105cymi lokalizacji punkt\u00f3w, dojazd\u00f3w do nich i spodziewanych godzin stawienia si\u0119 na punktach najszybszych zawodnik\u00f3w na ka\u017cdej z tras.<\/p>\n<p style=\"text-align: justify;\">Wsparcie bardzo si\u0119 przyda naszym herosom. Doda im skrzyde\u0142, wzmocni ich. Czasami widok bliskiej osoby, u\u015bmiech i dobre s\u0142owo dzia\u0142aj\u0105 lepiej ni\u017c energetyczny \u017cel.<\/p>\n<p><strong>\u00a0<\/strong><\/p>\n<p><strong>I. START W WOLSZTYNIE<\/strong><\/p>\n<p><strong>1. Lokalizacja:<\/strong><\/p>\n<p>Ul. Pozna\u0144ska 1, FalaPark, Wolsztyn<\/p>\n<p><iframe loading=\"lazy\" style=\"border: 0;\" src=\"https:\/\/www.google.com\/maps\/embed?pb=!1m18!1m12!1m3!1d3365.9967987041796!2d16.110410274705522!3d52.11863945336319!2m3!1f0!2f0!3f0!3m2!1i1024!2i768!4f13.1!3m3!1m2!1s0x0000000000000000%3A0x309d49939050871c!2sFala+Park+Sp.+z+o.o.!5e0!3m2!1spl!2spl!4v1452088820919\" width=\"600\" height=\"450\" frameborder=\"0\" data-mce-fragment=\"1\"><\/iframe><\/p>\n<p><em><strong>2. Dotyczy biegu:<\/strong><\/em><\/p>\n<ul>\n<li>Super GWiNT (100 mil)<\/li>\n<\/ul>\n<p><strong>II. PUNKT KONTROLNO-OD\u017bYWCZY KU\u0179NICA ZB\u0104SKA<\/strong><\/p>\n<p><em><strong>1. Lokalizacja:<\/strong><\/em><\/p>\n<ul>\n<li>Ku\u017anica Zb\u0105ska, &#8222;Dzika Pla\u017ca&#8221;<\/li>\n<\/ul>\n<p><em><strong>2. Dojazd ze Startu w<\/strong><\/em> <em><strong>Wolsztynie:<\/strong><\/em><\/p>\n<p><iframe loading=\"lazy\" style=\"border: 0;\" src=\"https:\/\/www.google.com\/maps\/embed?pb=!1m25!1m12!1m3!1d2123.970572229906!2d16.095597880677154!3d52.214743555450234!2m3!1f0!2f0!3f0!3m2!1i1024!2i768!4f13.1!4m10!1i0!3e0!4m3!3m2!1d52.1187178!2d16.1103704!4m3!3m2!1d52.215758799999996!2d16.0976245!5e1!3m2!1spl!2spl!4v1428608425637\" width=\"600\" height=\"450\" frameborder=\"0\" data-mce-fragment=\"1\"><\/iframe><\/p>\n<p><em><strong>3. Dotyczy biegu:<\/strong><\/em><\/p>\n<ul>\n<li>Super GWiNT (100 mil)<\/li>\n<\/ul>\n<p><strong>III. P<\/strong><strong>UNKT KONTROLNO-OD\u017bYWCZY JASTRZ\u0118BSKO STARE<\/strong><\/p>\n<p><em><strong>1. Lokalizacja:<\/strong><\/em><\/p>\n<p>Jastrz\u0119bsko Stare, ul. Sportowa 1<\/p>\n<p><em><strong>2. Dojazd z PK-O w<\/strong><\/em> <em><strong>Ku\u017anicy Zb\u0105skiej:<\/strong><\/em><\/p>\n<p><iframe loading=\"lazy\" style=\"border: 0;\" src=\"https:\/\/www.google.com\/maps\/embed?pb=!1m28!1m12!1m3!1d78145.15148418986!2d15.99474478912773!3d52.260891600019875!2m3!1f0!2f0!3f0!3m2!1i1024!2i768!4f13.1!4m13!3e0!4m5!1s0x4705d55e73522117%3A0x5565bd9fdc58dff5!2sLe%C5%9Bna%20zatoka%2C%20Rakoniewice!3m2!1d52.215413399999996!2d16.0977612!4m5!1s0x47042aa84cc73879%3A0xd5e96103d913c17d!2sJastrz%C4%99bsko%20Stare%2C%2064-334!3m2!1d52.2997406!2d16.0632304!5e0!3m2!1spl!2spl!4v1649269179036!5m2!1spl!2spl\" width=\"600\" height=\"450\" allowfullscreen=\"allowfullscreen\"><\/iframe><\/p>\n<p><em><strong>3. Dotyczy biegu:<\/strong><\/em><\/p>\n<ul>\n<li>Super GWiNT (100 mil)<\/li>\n<\/ul>\n<p><strong>IV. PUNKT KONTROLNO-OD\u017bYWCZY MIEDZICHOWO<\/strong><\/p>\n<p><em><strong>1. Lokalizacja:<\/strong><\/em><\/p>\n<p>Miedzichowo, Dymarki Miedzichowskie, Pozna\u0144ska 37<\/p>\n<p><em><strong>2. Dojazd z PK-O w<\/strong><\/em> <em><strong>Jastrz\u0119bsku Starym:<\/strong><\/em><\/p>\n<p><iframe loading=\"lazy\" style=\"border: 0;\" src=\"https:\/\/www.google.com\/maps\/embed?pb=!1m28!1m12!1m3!1d66023.32162606656!2d16.00668181515572!3d52.326568476630364!2m3!1f0!2f0!3f0!3m2!1i1024!2i768!4f13.1!4m13!3e0!4m5!1s0x4706800270482b13%3A0x1fde93e60f996c31!2sSam.%20Klub%20sportowy%2C%20Sportowa%202%2C%2064-334%20Jastrz%C4%99bsko%20Stare!3m2!1d52.2995996!2d16.0573578!4m5!1s0x4706875f61d958f7%3A0x262bdabd5a8d5adc!2sDymarki%20Miedzichowskie!3m2!1d52.3730432!2d15.9534217!5e1!3m2!1spl!2spl!4v1743881141142!5m2!1spl!2spl\" width=\"600\" height=\"450\" allowfullscreen=\"allowfullscreen\"><\/iframe><\/p>\n<p><em><strong>3. Dotyczy biegu:<\/strong><\/em><\/p>\n<ul>\n<li>Super GWiNT (100 mil)<\/li>\n<\/ul>\n<p><strong>V.\u00a0 PUNKT KONTROLNO-OD\u017bYWCZY W NOWYM TOMY\u015aLU i\u00a0START Normal GWiNTA<\/strong><\/p>\n<p><em><strong>1. Lokalizacja:<\/strong><\/em><\/p>\n<p>Nowy Tomy\u015bl, Plac Niepodleg\u0142o\u015bci<\/p>\n<p><em><strong>2. Dojazd z PK-O w<\/strong><\/em> <em><strong>Miedzichowie:<\/strong><\/em><\/p>\n<p><iframe loading=\"lazy\" style=\"border: 0;\" src=\"https:\/\/www.google.com\/maps\/embed?pb=!1m26!1m12!1m3!1d33010.690107776776!2d16.115377009579664!3d52.32786936203444!2m3!1f0!2f0!3f0!3m2!1i1024!2i768!4f13.1!4m11!3e0!4m5!1s0x4706875f61d958f7%3A0x262bdabd5a8d5adc!2sDymarki%20Miedzichowskie!3m2!1d52.3730432!2d15.9534217!4m3!3m2!1d52.317581499999996!2d16.1282046!5e1!3m2!1spl!2spl!4v1743881334046!5m2!1spl!2spl\" width=\"600\" height=\"450\" allowfullscreen=\"allowfullscreen\"><\/iframe><br \/>\n<em><strong>3. Dotyczy biegu:<\/strong><\/em><\/p>\n<ul>\n<li>Super GWiNT (100 mil)<\/li>\n<\/ul>\n<p><strong>VI. PUNKT KONTROLNO-OD\u017bYWCZY W\u0104SOWO<\/strong><\/p>\n<p><em><strong>1. Lokalizacja:<\/strong><\/em><\/p>\n<p>Pa\u0142ac W\u0105sowo, ul. Parkowa 1<\/p>\n<p><em><strong>2. Dojazd z PK-O w<\/strong><\/em>\u00a0<em><strong>Nowym Tomy\u015blu:<\/strong><\/em><\/p>\n<p><iframe loading=\"lazy\" style=\"border: 0;\" src=\"https:\/\/www.google.com\/maps\/embed?pb=!1m25!1m11!1m3!1d2056.400865712616!2d16.24532655071416!3d52.36484255319616!2m2!1f0!2f0!3m2!1i1024!2i768!4f13.1!4m11!3e6!4m3!3m2!1d52.317487799999995!2d16.1286676!4m5!1s0x47042ebaa041d88f%3A0x4c41be1bcaa8fe7a!2sPalac+Sczanieckich!3m2!1d52.365815999999995!2d16.2487481!5e1!3m2!1spl!2spl!4v1525451083183\" width=\"600\" height=\"450\" frameborder=\"0\" scrolling=\"no\" data-mce-fragment=\"1\"><\/iframe><\/p>\n<p><em><strong>3. Dotyczy biegu:<\/strong><\/em><\/p>\n<ul>\n<li>Super GWiNT (100 mil)<\/li>\n<li>Normal GWiNT (110 km)<\/li>\n<\/ul>\n<p><strong>VII. PUNKT KONTROLNO-OD\u017bYWCZY PORA\u017bYN<\/strong><\/p>\n<p><em><strong>1. Lokalizacja:<\/strong><\/em><\/p>\n<p>Pora\u017cyn, O\u015brodek Szkoleniowo-Wypoczynkowy Pa\u0142ac w Pora\u017cynie<\/p>\n<p><em><strong>2. Dojazd z PK-O w<\/strong><\/em>\u00a0<em><strong>W\u0105sowie:<\/strong><\/em><\/p>\n<p><iframe loading=\"lazy\" style=\"border: 0;\" src=\"https:\/\/www.google.com\/maps\/embed?pb=!1m27!1m11!1m3!1d67697.45873598114!2d16.27610148103715!3d52.30771493203945!2m2!1f0!2f0!3m2!1i1024!2i768!4f13.1!4m13!3e6!4m5!1s0x47042ebaa041d88f%3A0x4c41be1bcaa8fe7a!2sPalac+Sczanieckich!3m2!1d52.365815999999995!2d16.2487481!4m5!1s0x47042d9f49ec3937%3A0xfac537301f88ceb!2sOSW+Pora%C5%BCyn!3m2!1d52.3082162!2d16.296587!5e1!3m2!1spl!2spl!4v1525450861159\" width=\"600\" height=\"450\" frameborder=\"0\" scrolling=\"no\" data-mce-fragment=\"1\"><\/iframe><\/p>\n<p><em><strong>3. Dotyczy biegu:<\/strong><\/em><\/p>\n<ul>\n<li>Super GWiNT (100 mil)<\/li>\n<li>Normal GWiNT (110 km)<\/li>\n<\/ul>\n<p><strong>VIII. PUNKT K<\/strong><strong>ONTROLNO-OD\u017bYWCZY LAS\u00d3WKI<\/strong><\/p>\n<p><em><strong>1. Lokalizacja:<\/strong><\/em><\/p>\n<ul>\n<li>Las\u00f3wki, Nadle\u015bnictwo Grodzisk<\/li>\n<\/ul>\n<p><em><strong>2. Dojazd z PK-O w Pora\u017cynie:<\/strong><\/em><\/p>\n<p><iframe loading=\"lazy\" style=\"border: 0;\" src=\"https:\/\/www.google.com\/maps\/embed?pb=!1m25!1m11!1m3!1d12045.89475023672!2d16.3143862166865!3d52.25246861429152!2m2!1f0!2f0!3m2!1i1024!2i768!4f13.1!4m11!3e0!4m5!1s0x47042d9f49ec3937%3A0xfac537301f88ceb!2sOSW+Pora%C5%BCyn!3m2!1d52.3082162!2d16.296587!4m3!3m2!1d52.2540285!2d16.317212899999998!5e1!3m2!1spl!2spl!4v1525804376395\" width=\"600\" height=\"450\" frameborder=\"0\" scrolling=\"no\" data-mce-fragment=\"1\"><\/iframe><\/p>\n<p><em><strong>3. Dotyczy biegu:<\/strong><\/em><\/p>\n<ul>\n<li>Super GWiNT (100 mil)<\/li>\n<li>Normal GWiNT (110 km)<\/li>\n<\/ul>\n<p><strong>IX. PUNKT KONTROLNO-OD\u017bYWCZY\u00a0GRODZISK\u00a0WIELKOPOLSKI\u00a0i\u00a0START Mini GWiNTA<\/strong><\/p>\n<p><em><strong>1. Miejsce i czas: <\/strong><\/em><\/p>\n<ul>\n<li>Grodzisk Wielkopolski, Park miejski<\/li>\n<\/ul>\n<p><em><strong>2. Dojazd z PK-O w Las\u00f3wkach:<\/strong><\/em><\/p>\n<p><iframe loading=\"lazy\" style=\"border: 0;\" src=\"https:\/\/www.google.com\/maps\/embed?pb=!1m25!1m11!1m3!1d2427.073154277328!2d16.360960215420246!3d52.2223387137319!2m2!1f0!2f0!3m2!1i1024!2i768!4f13.1!4m11!3e6!4m3!3m2!1d52.254036799999994!2d16.3174664!4m5!1s0x4705cceed3c8b1b5%3A0x8885361a2c78168e!2sPark+miejski!3m2!1d52.2228096!2d16.3607113!5e1!3m2!1spl!2spl!4v1525451388335\" width=\"600\" height=\"450\" frameborder=\"0\" scrolling=\"no\" data-mce-fragment=\"1\"><\/iframe><\/p>\n<div><em><strong>3. Dotyczy biegu:<\/strong><\/em><\/div>\n<div>\n<div>\n<div class=\"login-control\">\n<div class=\"profile-photo\" hidden=\"\"><\/div>\n<\/div>\n<\/div>\n<\/div>\n<ul>\n<li>Super GWiNT (100 mil)<\/li>\n<li>Normal GWiNT (110 km)<\/li>\n<li>Mini GWiNT (55 km)<\/li>\n<\/ul>\n<p><strong>X. <\/strong><strong>PUNKT KONTROLNO-OD\u017bYWCZY RAKONIEWICE i Start Mikro GWiNTA<\/strong><\/p>\n<p><em><strong>1. Lokalizacja:<\/strong><\/em><\/p>\n<ul>\n<li><em>Rakoniewice, Plac Powsta\u0144c\u00f3w Wielkopolskich<\/em><\/li>\n<\/ul>\n<p><em><strong>2. Dojazd z P-KO\u00a0w\u00a0 Grodzisku\u00a0Wielkopolskim:<\/strong><\/em><\/p>\n<p><iframe loading=\"lazy\" style=\"border: 0;\" src=\"https:\/\/www.google.com\/maps\/embed?pb=!1m26!1m12!1m3!1d7114.949109658533!2d16.275259819405832!3d52.13792814709665!2m3!1f0!2f0!3f0!3m2!1i1024!2i768!4f13.1!4m11!3e0!4m5!1s0x4705cceed3c8b1b5%3A0x8885361a2c78168e!2sPark+miejski%2C+27+Stycznia%2C+62-065+Grodzisk+Wielkopolski!3m2!1d52.2228096!2d16.3607113!4m3!3m2!1d52.139008399999994!2d16.2731311!5e1!3m2!1spl!2spl!4v1547922218660\" width=\"600\" height=\"450\" frameborder=\"0\" allowfullscreen=\"allowfullscreen\" data-mce-fragment=\"1\"><\/iframe><\/p>\n<p><em><strong>3. Dotyczy biegu:<\/strong><\/em><\/p>\n<ul>\n<li>Super GWiNT (100 mil)<\/li>\n<li>Normal GWiNT\u00a0(110 km)<\/li>\n<li>Mini GWiNT (55 km)<\/li>\n<li>Mikro GWiNT (35km<\/li>\n<\/ul>\n<p><strong>XI. PUNKT K<\/strong><strong>ONTROLNO-OD\u017bYWCZY G\u0141ODNO<\/strong><\/p>\n<p><em><strong>1. Lokalizacja:<\/strong><\/em><\/p>\n<ul>\n<li>G\u0142odno<\/li>\n<\/ul>\n<p><em><strong>2. Dojazd z PK-O w Rakoniewicach:<\/strong><\/em><\/p>\n<p><iframe loading=\"lazy\" style=\"border: 0;\" src=\"https:\/\/www.google.com\/maps\/embed?pb=!1m26!1m12!1m3!1d32645.024473627152!2d16.195730874189778!3d52.141252066684494!2m3!1f0!2f0!3f0!3m2!1i1024!2i768!4f13.1!4m11!3e0!4m5!1s0x4705ce4e306704db%3A0xa8a1564635797040!2sPlac+Powsta%C5%84c%C3%B3w+Wielkopolskich+40%2C+62-067+Rakoniewice!3m2!1d52.139481599999996!2d16.2718585!4m3!3m2!1d52.152395!2d16.1886647!5e1!3m2!1spl!2spl!4v1452093650744\" width=\"600\" height=\"450\" frameborder=\"0\" data-mce-fragment=\"1\"><\/iframe><\/p>\n<p><em><strong>3. Dotyczy biegu:<\/strong><\/em><\/p>\n<ul>\n<li>Super GWiNT (100 mil)<\/li>\n<li>Normal GWiNT\u00a0(110 km)<\/li>\n<li>Mini GWiNT (55 km)<\/li>\n<li>Mikro GWiNT (35km<\/li>\n<\/ul>\n<p><strong>XII. META w<\/strong><strong> WOLSZTYNE<\/strong><\/p>\n<p><em><strong>1. Lokalizacja:<\/strong><\/em><\/p>\n<ul>\n<li>Wolsztyn, ul. Pozna\u0144ska 1, obiekt &#8222;Fala Park&#8221;<\/li>\n<\/ul>\n<p><em><strong>2. Dojazd z PK-O w G\u0142odnie:<\/strong><\/em><\/p>\n<p><iframe loading=\"lazy\" style=\"border: 0;\" src=\"https:\/\/www.google.com\/maps\/embed?pb=!1m23!1m11!1m3!1d1572.3665706018214!2d16.110289940970272!3d52.11789448705772!2m2!1f0!2f0!3m2!1i1024!2i768!4f13.1!4m9!3e0!4m3!3m2!1d52.152415299999994!2d16.1879024!4m3!3m2!1d52.1187932!2d16.110774799999998!5e1!3m2!1spl!2spl!4v1525459662967\" width=\"600\" height=\"450\" frameborder=\"0\" scrolling=\"no\" data-mce-fragment=\"1\"><\/iframe><\/p>\n<p><em><strong>3. Dotyczy biegu:<\/strong><\/em><\/p>\n<ul>\n<li>Super GWiNT (100 mil)<\/li>\n<li>Normal GWiNT\u00a0(110 km)<\/li>\n<li>Mini GWiNT (55 km)<\/li>\n<li>Mikro GWiNT (35km)<\/li>\n<\/ul>\n","protected":false},"excerpt":{"rendered":"<p>Zach\u0119camy rodziny, przyjaci\u00f3\u0142, znajomych i wszystkich fan\u00f3w biegania, kt\u00f3rzy akurat nie uczestnicz\u0105 w GWiNTcie, do kibicowania zawodnikom na startach, Punktach<\/p>\n","protected":false},"author":2,"featured_media":0,"parent":0,"menu_order":0,"comment_status":"closed","ping_status":"closed","template":"","meta":{"footnotes":""},"class_list":["post-959","page","type-page","status-publish","hentry","comments-off"],"_links":{"self":[{"href":"https:\/\/ultragwint.pl\/index.php?rest_route=\/wp\/v2\/pages\/959","targetHints":{"allow":["GET"]}}],"collection":[{"href":"https:\/\/ultragwint.pl\/index.php?rest_route=\/wp\/v2\/pages"}],"about":[{"href":"https:\/\/ultragwint.pl\/index.php?rest_route=\/wp\/v2\/types\/page"}],"author":[{"embeddable":true,"href":"https:\/\/ultragwint.pl\/index.php?rest_route=\/wp\/v2\/users\/2"}],"replies":[{"embeddable":true,"href":"https:\/\/ultragwint.pl\/index.php?rest_route=%2Fwp%2Fv2%2Fcomments&post=959"}],"version-history":[{"count":3,"href":"https:\/\/ultragwint.pl\/index.php?rest_route=\/wp\/v2\/pages\/959\/revisions"}],"predecessor-version":[{"id":1001,"href":"https:\/\/ultragwint.pl\/index.php?rest_route=\/wp\/v2\/pages\/959\/revisions\/1001"}],"wp:attachment":[{"href":"https:\/\/ultragwint.pl\/index.php?rest_route=%2Fwp%2Fv2%2Fmedia&parent=959"}],"curies":[{"name":"wp","href":"https:\/\/api.w.org\/{rel}","templated":true}]}}