{"id":55,"date":"2019-01-18T22:16:02","date_gmt":"2019-01-18T21:16:02","guid":{"rendered":"http:\/\/127.0.0.1\/gwint\/?page_id=55"},"modified":"2019-01-25T21:59:08","modified_gmt":"2019-01-25T20:59:08","slug":"galeria","status":"publish","type":"page","link":"https:\/\/ultragwint.pl\/?page_id=55","title":{"rendered":"Galeria"},"content":{"rendered":"<p><strong>GWiNT 2018<\/strong><\/p>\n<p><a href=\"https:\/\/www.facebook.com\/pg\/ultragwint\/photos\/?tab=album&amp;album_id=781772028688160\">Blacknotwhite &#8211; Meta Grodzisk<\/a><br \/>\n<a href=\"https:\/\/www.facebook.com\/pg\/ultragwint\/photos\/?tab=album&amp;album_id=200679836797385\">Meta Grodzisk<\/a><br \/>\n<a href=\"https:\/\/photos.app.goo.gl\/BRnChJaUFk7G87gS6\">Zdj\u0119cia Marta Kulej<\/a><br \/>\n<a href=\"http:\/\/fotki.net.pl\/2018051112-ultra-cross-gwint-2018-czesc-16_wpisy_136_7_.html\">Fotki.net.pl &#8211; cz\u0119\u015b\u0107 1<\/a><br \/>\n<a href=\"http:\/\/fotki.net.pl\/2018051112-ultra-cross-gwint-2018-czesc-26_wpisy_137_7_.html\">Fotki.net.pl &#8211; cz\u0119\u015b\u0107 2<\/a><br \/>\n<a href=\"http:\/\/fotki.net.pl\/2018051112-ultra-cross-gwint-2018-czesc-36_wpisy_138_7_.html\">Fotki.net.pl &#8211; cz\u0119\u015b\u0107 3<\/a><br \/>\n<a href=\"http:\/\/fotki.net.pl\/2018051112-ultra-cross-gwint-2018-czesc-46_wpisy_139_7_.html\">Fotki.net.pl &#8211; cz\u0119\u015b\u0107 4<\/a><br \/>\n<a href=\"http:\/\/fotki.net.pl\/2018051112-ultra-cross-gwint-2018-czesc-56_wpisy_140_7_.html\">Fotki.net.pl &#8211; cz\u0119\u015b\u0107 5<\/a><br \/>\n<a href=\"http:\/\/fotki.net.pl\/2018051112-ultra-cross-gwint-2018-czesc-66_wpisy_141_7_.html\">Fotki.net.pl &#8211; cz\u0119\u015b\u0107 6<\/a><br \/>\n<a href=\"https:\/\/photos.app.goo.gl\/r1pC3XRu7qbXsPW03\">Zdj\u0119cia &#8211; Aleksandra Funka<\/a><br \/>\n&nbsp;<br \/>\n<strong>GWiNT 2017<\/strong><\/p>\n<p><a href=\"http:\/\/fotki.net.pl\/2017051113-ultra-cross-gwint-2017_wpisy_112_7_.html\">fotki.net.pl<\/a><br \/>\n<a href=\"https:\/\/www.facebook.com\/pg\/ultragwint\/photos\/?tab=album&amp;album_id=615714771960554\">Punkt Kontrolno-Od\u017cywczy w Zdroju k. Grodziska<\/a><br \/>\n<a href=\"https:\/\/www.facebook.com\/pg\/ultragwint\/photos\/?tab=album&amp;album_id=615395971992434\">Super Gwint i start Normal Gwint 2017<\/a><br \/>\n<a href=\"https:\/\/www.facebook.com\/pg\/ultragwint\/photos\/?tab=album&amp;album_id=615274405337924\">PK-O Jastrz\u0119bsko Stare<\/a><br \/>\n&nbsp;<br \/>\n<strong>GWiNT 2016<\/strong><\/p>\n<p><a href=\"https:\/\/www.facebook.com\/media\/set\/?set=a.924892304276441.1073741892.643280335770974&amp;type=3\">Zdj\u0119cia Piotr Oleszak<\/a><br \/>\n<a href=\"https:\/\/picasaweb.google.com\/105163623502889587420\/6283909537376949393\">Zdj\u0119cia ALeksandra Funka<\/a><br \/>\n<a href=\"https:\/\/photos.google.com\/share\/AF1QipPQslhm_i9sU7ewyO7Ud3crTfP3aHdtAm62Ro_NxY3zm4lnr8AmSe9Q4Ii2ZZhmMg?key=Zl9yS0RpVjl2ZjNJZ1hCcFVBWVhRTXpVenpKSnF3\">Zdj\u0119cia Kaja Milanowska\u00a0<\/a><br \/>\n<a href=\"https:\/\/photos.google.com\/share\/AF1QipMGegpvsUCxlTHTdEZUu-fLkHkCF7s-PM7UdR05f7dLTw9R7q8g25lYp0xVq8eVTg?key=RUNFOWNwcFBKT3I5c0RjQmNuVHpSZ0VSUmVZR0x3\">Zdj\u0119cia Beata Brud\u0142o<\/a><br \/>\n<a href=\"https:\/\/photos.google.com\/share\/AF1QipMoA-6kGmo9-pMlK2jqTU61pbYKvbUC0dwd2nGbFt_ydecWCMklIdsYfu6raWrrgQ?key=Tld4WXBJYVpSdm5GbXZVT2VPbElIUlI1c2hKNHJn\">Zdj\u0119cia Marcin Brud\u0142o<\/a><br \/>\n<a href=\"http:\/\/nowytomysl.naszemiasto.pl\/artykul\/nowy-tomysl-ruszyl-gwint-zdjecia,3728951,artgal,t,id,tm.html\">Zdj\u0119cia naszemiasto.pl<\/a><br \/>\n&nbsp;<br \/>\n<strong>GWiNT 2015 <\/strong><\/p>\n<p><a href=\"https:\/\/plus.google.com\/photos\/105163623502889587420\/albums\/6148084364349142705\">Zdj\u0119cia Aeksandra Funka<\/a><br \/>\n<a href=\"https:\/\/www.facebook.com\/media\/set\/?set=a.757412877691052.1073741866.643280335770974&amp;type=3&amp;uploaded=419\">Zdj\u0119cia Piotr Oleszak &#8211; cz\u0119\u015b\u0107 1<\/a><br \/>\n<a href=\"https:\/\/www.facebook.com\/media\/set\/?set=a.757102157722124.1073741865.643280335770974&amp;type=1\">Zdj\u0119cia Piotr Oleszak &#8211; cz\u0119\u015bc 2<\/a><br \/>\n<a href=\"https:\/\/plus.google.com\/photos\/105617202854775737662\/albums\/6146759989982499905\">Zdj\u0119cia Marcin Kozio\u0142ek<\/a><br \/>\n<a href=\"https:\/\/www.facebook.com\/media\/set\/?set=a.833018536773548.1073741862.511438982264840&amp;type=1\">Zdj\u0119cia No Excuses Team<\/a><br \/>\n<a href=\"https:\/\/www.facebook.com\/media\/set\/?set=a.671821572946772.1073741856.420139551448310&amp;type=1\">Zdj\u0119cia Krzysiek Weso\u0142y &#8211; cz\u0119\u015b\u0107 2<\/a><br \/>\n<a href=\"https:\/\/www.facebook.com\/media\/set\/?set=a.671833362945593.1073741857.420139551448310&amp;type=1\">Zdj\u0119cia Krzysiek Weso\u0142y &#8211; cz\u0119\u015b\u0107 2<\/a><br \/>\n<a href=\"http:\/\/nowytomysl.nowinylokalne.pl\/ultramaraton-gwint-start-na-55-km-z-nowego-tomysla\/\">Zdj\u0119cia Maciej Kasprzak (Nowiny Lokalne)<\/a><br \/>\n<a href=\"https:\/\/plus.google.com\/u\/0\/photos\/113102696149077456667\/albums\/6147328234437308385\">Zdj\u0119cia Julian Kr\u00f3l<\/a><br \/>\n<a href=\"http:\/\/grodzisk.naszemiasto.pl\/artykul\/grodzisk-start-gwint-ultra-cross-foto,3377286,artgal,t,id,tm.html\">Zdj\u0119cia portal naszemiasto.pl &#8211; cz\u0119\u015b\u0107 1<\/a><br \/>\n<a href=\"http:\/\/grodzisk.naszemiasto.pl\/artykul\/gwint-ultra-cross-zwyciezcy-foto,3377798,artgal,t,id,tm.html\">Zdj\u0119cia portal naszemiasto.pl &#8211; cz\u0119\u015b\u0107 2<\/a><br \/>\n&nbsp;<br \/>\n<strong>\u00a0\u00a0 GWiNT 2014 \u00a0\u00a0 <\/strong><\/p>\n<p><a href=\"https:\/\/picasaweb.google.com\/105163623502889587420\/GWINT2014\">Zdj\u0119cia Aleksandra Funka\u00a0<\/a><br \/>\n<a href=\"https:\/\/www.facebook.com\/media\/set\/?set=a.490266637768934.1073741844.420139551448310&amp;type=1\">Zdj\u0119cia Krzysiek Weso\u0142y<\/a><\/p>\n<p>&nbsp;<\/p>\n","protected":false},"excerpt":{"rendered":"<p>GWiNT 2018 Blacknotwhite &#8211; Meta Grodzisk Meta Grodzisk Zdj\u0119cia Marta Kulej Fotki.net.pl &#8211; cz\u0119\u015b\u0107 1 Fotki.net.pl &#8211; cz\u0119\u015b\u0107 2 Fotki.net.pl<\/p>\n","protected":false},"author":2,"featured_media":0,"parent":0,"menu_order":0,"comment_status":"closed","ping_status":"closed","template":"","meta":{"footnotes":""},"class_list":["post-55","page","type-page","status-publish","hentry","comments-off"],"_links":{"self":[{"href":"https:\/\/ultragwint.pl\/index.php?rest_route=\/wp\/v2\/pages\/55","targetHints":{"allow":["GET"]}}],"collection":[{"href":"https:\/\/ultragwint.pl\/index.php?rest_route=\/wp\/v2\/pages"}],"about":[{"href":"https:\/\/ultragwint.pl\/index.php?rest_route=\/wp\/v2\/types\/page"}],"author":[{"embeddable":true,"href":"https:\/\/ultragwint.pl\/index.php?rest_route=\/wp\/v2\/users\/2"}],"replies":[{"embeddable":true,"href":"https:\/\/ultragwint.pl\/index.php?rest_route=%2Fwp%2Fv2%2Fcomments&post=55"}],"version-history":[{"count":3,"href":"https:\/\/ultragwint.pl\/index.php?rest_route=\/wp\/v2\/pages\/55\/revisions"}],"predecessor-version":[{"id":249,"href":"https:\/\/ultragwint.pl\/index.php?rest_route=\/wp\/v2\/pages\/55\/revisions\/249"}],"wp:attachment":[{"href":"https:\/\/ultragwint.pl\/index.php?rest_route=%2Fwp%2Fv2%2Fmedia&parent=55"}],"curies":[{"name":"wp","href":"https:\/\/api.w.org\/{rel}","templated":true}]}}