{"id":369,"date":"2019-07-05T17:57:46","date_gmt":"2019-07-05T15:57:46","guid":{"rendered":"http:\/\/ultragwint.netrunner.pl\/?page_id=369"},"modified":"2019-07-07T20:46:16","modified_gmt":"2019-07-07T18:46:16","slug":"relacje-zawodnikow-2019","status":"publish","type":"page","link":"https:\/\/ultragwint.pl\/?page_id=369","title":{"rendered":"Relacje zawodnik\u00f3w 2019"},"content":{"rendered":"<p>Relacje konkursowe publikowane s\u0105 w kolejno\u015bci zg\u0142oszenia.<\/p>\n<p><a href=\"http:\/\/ultragwint.pl\/?page_id=373\">1. Tomasz Nowaczyk<\/a><\/p>\n<p><a href=\"http:\/\/ultragwint.pl\/?page_id=379\">2. Waldemar Ma\u0142olepszy<\/a><\/p>\n<p><a href=\"http:\/\/ultragwint.pl\/?page_id=385\">3. Hubert Kawa<\/a><\/p>\n<p><a href=\"http:\/\/ultragwint.pl\/?page_id=389\">4. Magdalena Mackiewicz<\/a> &#8211; od 08.07.2019<\/p>\n<p><a href=\"http:\/\/ultragwint.pl\/?page_id=391\">5. \u0141ukasz Przyby\u0142a<\/a> &#8211; od 09.07.2019<\/p>\n<p><a href=\"http:\/\/ultragwint.pl\/?page_id=393\">6. Ania Bobrowska<\/a> &#8211; od 10.07.2019<\/p>\n<p><a href=\"http:\/\/ultragwint.pl\/?page_id=395\">7. Marcin Powalowski<\/a> &#8211; od 11.07.2019<\/p>\n<p><a href=\"http:\/\/ultragwint.pl\/?page_id=397\">8. Artur Nowicki<\/a> &#8211; od 12.07.2019<\/p>\n<p><a href=\"http:\/\/ultragwint.pl\/?page_id=399\">9. Gosia Gostomska<\/a> &#8211; od 13.07.2019<\/p>\n<p><a href=\"http:\/\/ultragwint.pl\/?page_id=402\">10. Krzysztof Golczak<\/a> &#8211; od 14.07.2019<\/p>\n<p><a href=\"http:\/\/ultragwint.pl\/?page_id=404\">11. Krzysztof Sta\u0144czyk<\/a> &#8211; od 15.07.2019<\/p>\n<p><a href=\"http:\/\/ultragwint.pl\/?page_id=407\">12. Dariusz Berg<\/a> &#8211; od 16.07.2019<\/p>\n<p><a href=\"http:\/\/ultragwint.pl\/?page_id=410\">13. Mateusz Wieruszewski<\/a> &#8211; od 17.07.2019<\/p>\n<p><a href=\"http:\/\/ultragwint.pl\/?page_id=412\">14. Grzegorz \u017burek<\/a> &#8211; od 18.07.2019<\/p>\n<p><a href=\"http:\/\/ultragwint.pl\/?page_id=414\">15. Adam Olejnik<\/a> &#8211; od 19.07.2019<\/p>\n<p><a href=\"http:\/\/ultragwint.pl\/?page_id=420\">16. Magdalena K\u0119dziora<\/a> &#8211; od 20.07.2019<\/p>\n<p><a href=\"http:\/\/ultragwint.pl\/?page_id=422\">17. Agnieszka Kr\u00f3l-Krajewska<\/a> &#8211; od 21.07.2019<\/p>\n<p>Mi\u0142ego czytania, mamy nadziej\u0119, \u017ce \u015bwietne relacje uczestnik\u00f3w zach\u0119c\u0105 Was do sprawdzenia swoich si\u0142 w edycji 2020. Wyniki konkursu w sierpniu.<\/p>\n<p>&nbsp;<\/p>\n<p>&nbsp;<\/p>\n","protected":false},"excerpt":{"rendered":"<p>Relacje konkursowe publikowane s\u0105 w kolejno\u015bci zg\u0142oszenia. 1. Tomasz Nowaczyk 2. Waldemar Ma\u0142olepszy 3. Hubert Kawa 4. Magdalena Mackiewicz &#8211;<\/p>\n","protected":false},"author":2,"featured_media":0,"parent":51,"menu_order":0,"comment_status":"closed","ping_status":"closed","template":"","meta":{"footnotes":""},"class_list":["post-369","page","type-page","status-publish","hentry","comments-off"],"_links":{"self":[{"href":"https:\/\/ultragwint.pl\/index.php?rest_route=\/wp\/v2\/pages\/369","targetHints":{"allow":["GET"]}}],"collection":[{"href":"https:\/\/ultragwint.pl\/index.php?rest_route=\/wp\/v2\/pages"}],"about":[{"href":"https:\/\/ultragwint.pl\/index.php?rest_route=\/wp\/v2\/types\/page"}],"author":[{"embeddable":true,"href":"https:\/\/ultragwint.pl\/index.php?rest_route=\/wp\/v2\/users\/2"}],"replies":[{"embeddable":true,"href":"https:\/\/ultragwint.pl\/index.php?rest_route=%2Fwp%2Fv2%2Fcomments&post=369"}],"version-history":[{"count":9,"href":"https:\/\/ultragwint.pl\/index.php?rest_route=\/wp\/v2\/pages\/369\/revisions"}],"predecessor-version":[{"id":425,"href":"https:\/\/ultragwint.pl\/index.php?rest_route=\/wp\/v2\/pages\/369\/revisions\/425"}],"up":[{"embeddable":true,"href":"https:\/\/ultragwint.pl\/index.php?rest_route=\/wp\/v2\/pages\/51"}],"wp:attachment":[{"href":"https:\/\/ultragwint.pl\/index.php?rest_route=%2Fwp%2Fv2%2Fmedia&parent=369"}],"curies":[{"name":"wp","href":"https:\/\/api.w.org\/{rel}","templated":true}]}}